t k(a) = a**3 - 19*a**2 - 16*a - 84. Let d be k(20). Calculate x(d).
-18
Let y(r) be the second derivative of r**3/6 + r**2/2 - r + 139. Suppose -2*q = -3*q + 6. What is y(q)?
7
Let k(q) = -4*q**2 - 6*q**2 - 7*q + 21*q**2 + q**3 - 3 - 4*q**2. Calculate k(-8).
-11
Let s be (-61)/4 - (-56)/(-32). Let v(w) = -w**2 - 16*w + 19. Determine v(s).
2
Let c(d) be the second derivative of -d**6/720 + d**5/20 + d**4/6 + 15*d. Let l(o) be the third derivative of c(o). Give l(5).
1
Let l(u) = 2*u - 4. Suppose 5*m + 15 = -10, m = n - 76. Let j = n - 77. Give l(j).
-16
Let t(y) be the second derivative of -y**4/6 + y**3/6 - 11*y**2/2 + 10*y. Let r(z) be the first derivative of t(z). Give r(-5).
21
Let u(s) = 3*s + 0*s - 4*s + 3. Let q be (-2 - (-28)/5)*5. Let t be (q/63)/(1/7). Calculate u(t).
1
Let o(w) = -w**3 + 8*w**2 - 6*w + 1. Suppose 0 = -5*v + 2*n - 115, -58 = 5*v + 2*n + 77. Let h = v + 4. Let b = h + 28. Give o(b).
8
Let n = -651 - -657. Let i(v) = -v**2 + 7*v - 2. Calculate i(n).
4
Suppose 31*p + 4 = 30*p. Let w(s) = -s + 5. Calculate w(p).
9
Let x(z) = -40*z - 12. Let o(n) = -17*n - 5. Let i(b) = -12*o(b) + 5*x(b). Determine i(0).
0
Let b = 6 + 0. Let l(g) be the first derivative of 4*g - 1/2*g**2 + 1. Calculate l(b).
-2
Let n(t) = -1 + 1 - 3*t. Let x(g) = g**2 - 9*g - 19. Let i be x(11). Suppose i*b = -0*b + 3. Give n(b).
-3
Let q(h) be the second derivative of -h**4/2 - h**3/6 - h**2 - 2*h - 9. Determine q(2).
-28
Let g = -74 + 79. Let u(j) = -23*j - 3 + g + 26*j - 1. Suppose 3 = -4*n + n. Determine u(n).
-2
Let y(u) = 5*u**2 - 18*u**2 + 10*u**2 - 1. Calculate y(-1).
-4
Let d(m) = m**3 - 6*m**2 + 5*m - 5. Suppose -32*h - 110 = -54*h. Determine d(h).
-5
Let d be (-1)/(1/(-7) - 0). Let t(s) = s**3 + 2*s**2. Let z(w) = 6*w**3 - 2*w**2 - 13*w**3 - 3*w**2 + 5*w**3. Let m(v) = d*t(v) + 3*z(v). Calculate m(-1).
-2
Let r(s) = -s**3 + 8*s**2 + 2*s - 12. Let t be r(8). Suppose -4*m = -4*f + t - 20, f + 2*m = 8. Let k(o) = -o**2 - 15. Calculate k(f).
-15
Let r(b) = b**2 + 7*b - 1. Let i be r(-5). Let u be (6/9)/(1/18). Let y = u + i. Let x(o) = -3*o**2 + 1. Calculate x(y).
-2
Let h be 2/(92/(-84) - -1). Let d be (-28)/4*18/h. Let x(s) = -23 - s**3 - 6*s + 32 + 7*s**2 - 16. What is x(d)?
-7
Let c(n) = 18*n**3 - 17*n**2 - 35*n + 8. Let f(q) = -13*q**3 + 13*q**2 + 26*q - 6. Let o(v) = -8*c(v) - 11*f(v). Calculate o(-5).
-18
Let r be (5 - (-104)/(-20)) + (-1)/(-5). Let i(c) = -c - 3. What is i(r)?
-3
Let k(l) = 5 - l - 9*l**2 + 3*l - l - l**3. Let u = -1216 + 1207. Calculate k(u).
-4
Let l(x) = 78*x - 19. Let s be l(6). Let d(b) = -s + 446 + 0*b**3 - 4*b + 7*b**2 - b**3. Give d(6).
9
Let j(p) = -8*p - 2. Let m(u) = -u + 1 - 2 + 2*u**3 + 2*u - u**2 + 0. Let v be m(1). Let n be (-2)/(-1) - 3 - v. Determine j(n).
14
Let n be 2 + (-4)/(-2) + 2. Suppose -n = 3*d - 0*d. Let s(y) = -3*y**2 - 2*y + 1. What is s(d)?
-7
Let z(s) = -3*s**2 - 122*s + 47. Let j be z(-41). Let c(n) = -n**3 + 7*n**2 - 5*n - 7. Determine c(j).
-1
Let a(g) = 2*g - 9. Let i(t) = 14*t**3 - t**2 + 2*t - 1. Let x be i(1). Let j be (0 - (4 - -1))*16/10. Let w = x + j. Calculate a(w).
3
Let m(l) = -l - 10. Let r be m(-11). Let d(s) be the second derivative of 0*s**3 - 3*s + 1/12*s**4 - 1/2*s**2 + 0 - 3/5*s**5. What is d(r)?
-12
Let a(v) = v**2 - v - 3. Let u(x) = -x**3 - 9*x**2. Let n be u(-9). Determine a(n).
-3
Let l(x) = -x**3 + x**2 - x - 4. Let t(d) = d**3 - d**2 + 2*d + 5. Let j(r) = -5*l(r) - 4*t(r). Calculate j(4).
36
Let z(w) be the first derivative of -w**3/3 - w**2 + 17*w - 23. Calculate z(-6).
-7
Let t be (6/(-4))/((-15)/30). Let i(c) = -t*c - 10 - 17 + c**2 + 18 - 2*c. Give i(7).
5
Let u = 4 + 1. Suppose u*a - 3 - 2 = 0. Let p(l) = 5 + 3*l - 11*l - 2 - a. What is p(2)?
-14
Let v be -2 - -5*1/1 - 1. Let g(r) = 17*r**2 - 15. Let o(l) = 8*l**2 - 7. Let i(h) = 6*g(h) - 13*o(h). What is i(v)?
-7
Let h = -980 - -3516. Let n(l) = -l**3 - 2536*l + h*l - l**2. What is n(-1)?
0
Let v(r) = r**3 + 11*r**2 + 19*r + 9. Let u be (-19 - -10)*(2 + 1/(-1)). What is v(u)?
0
Let v = -15 + 11. Let i be (-18)/(-14) + v/14. Let c(a) be the first derivative of -7*a**4/4 + 2*a**3/3 - a - 47. Calculate c(i).
-6
Suppose -5*f - 10 = l + 30, 265 = -4*l + f. Let o = l + 73. Let w(h) = -h**3 + 7*h**2 + 8*h + 1. What is w(o)?
1
Suppose -2*h + 8 = c, -4*c + 1 = 2*h - 13. Let o(k) = -3*k**c - 3*k - 20*k**3 + 7*k**3 + 12*k**3. Let u(f) = -f**2 - 4*f - 3. Let z be u(-4). Determine o(z).
9
Suppose -m - 12 + 6 = 0. Let x be 6/2 + m + 9. Let o(y) = -3*y + 8. Determine o(x).
-10
Let d(t) = t**2 - 8*t + 14. Let y be d(6). Let s(m) = 0*m - 1 + y*m - 4 + 11. Give s(-7).
-8
Let x(p) = 2*p + 2. Let q(h) = -3*h + 1. Let j be 3/(-7) - 20/(-14). Let u be q(j). Let n be x(u). Let a(w) = -2*w - 2. Determine a(n).
2
Let k = 41 + -36. Suppose 4 = 2*h - 2*j, 2*j = k*h + 6*j + 26. Let x(f) = f**3 + 4*f**2 + 3*f - 1. Let d be x(h). Let q(y) = 11*y**2 - 2*y + 1. What is q(d)?
10
Let m be (-100)/22 + (-414)/(-759). Let g(t) = -t**2 - 5*t - 5. Determine g(m).
-1
Let g(a) = 8*a + 2. Let w(o) = -13*o - 3. Let t(v) = -5*g(v) - 3*w(v). Calculate t(2).
-3
Suppose -11*t - 87 = -10. Let q(o) = o + 4. Calculate q(t).
-3
Let g be 2/4*(7 - 1). Suppose 4 - 8 = -2*k. Let p(v) = v**k + 0*v - 2*v + 11 - 10. Calculate p(g).
4
Let s(q) be the third derivative of q**4/24 + q**3/6 + 116*q**2. Calculate s(5).
6
Let j be 0 + (6/(-3) - -3) + 3. Suppose 2*f + j*o + 4 = 3*f, -4*o = -2*f. Let u(a) = -2*a - 1. What is u(f)?
7
Let b(w) = 8*w**3 - 8*w**2 + w + 24. Let u(c) = -3*c**3 + 3*c**2 - 9. Let f(v) = 4*b(v) + 11*u(v). Calculate f(3).
-9
Let n(v) = -19*v - 1. Let p = -277 - -276. Determine n(p).
18
Let n(r) = -r + 2. Let g be 1/2 - 5/10. Let j(i) = g - 3*i + i - 1. Let t be j(-2). What is n(t)?
-1
Let c(x) = 5*x**2 + 9*x - 35. Let q(t) = -t**2 - 2*t + 9. Let h(w) = -2*c(w) - 9*q(w). Let j be 0/(1 + (-7 - 0 - 1)). Give h(j).
-11
Let o(j) be the second derivative of -j**7/840 + j**5/60 + j**4/24 - 8*j**3/3 - 13*j. Let m(f) be the second derivative of o(f). What is m(-2)?
5
Let s(g) = -g**3 + 64*g**2 - 74*g + 692. Let z be s(63). Let x(w) = 0*w**3 + 11*w**3 + 3*w**2 - w**2 - 1. Calculate x(z).
-10
Let x(z) = 5*z**2 + 5*z - 2. Let o = 796 + -798. Determine x(o).
8
Let s(j) = 87276*j - j**3 + 7*j**2 - 87276*j + 1. Give s(6).
37
Suppose 0 = 24*m - 9*m - 225. Let d(l) = l**3 - 16*l**2 + 12*l - 18. Give d(m).
-63
Let c = -780 - -773. Let q(t) = -t**3 - 5*t**2 + 9*t - 10. Give q(c).
25
Let w(x) be the second derivative of x**4/12 + x**3/2 + x**2 - 471*x. Calculate w(-2).
0
Suppose 2*n = -5*x - 31 - 18, 0 = -5*n + 5*x - 70. Let p(y) = -y**3 - 16*y**2 + 18*y + 11. What is p(n)?
-6
Let h = -475 + 482. Let o(d) = -d + 3. Determine o(h).
-4
Let w(x) = -x**3 - 2*x - 1. Let b(m) = m**2 + 11*m - 17. Let r be b(-13). Let c be (8/6)/(-5 + 51/r). Determine w(c).
-13
Let k(d) = -6*d**3 - 5*d**2 + 6*d + 7. Let s(i) = -2*i + 13. Let p be s(9). Let n(u) = -5*u**3 - 5*u**2 + 5*u + 7. Let v(h) = p*n(h) + 4*k(h). Give v(-5).
-2
Let h(k) = 4*k**2 + 0*k**3 + 5 - k**3 + 2*k**2 + 7*k. Let i be 14/2 + -17 + 3 + 14. Calculate h(i).
5
Let a be 15/(-3)*(-1)/1. Suppose 18 = g - 4*q - 0*q, 10 = -g - 3*q. Let b(j) = -2 - 3*j - 1 + g - 2 + j**2. Calculate b(a).
7
Let c(t) = -11*t + 18. Let i(w) = -5*w + 11. Let m(n) = 2*c(n) - 5*i(n). Determine m(9).
8
Let v(x) be the first derivative of -2*x**3/3 - x**2/2 + 6*x + 665. What is v(-4)?
-22
Let r(p) be the first derivative of p**4/4 + 4*p**3/3 + p**2 - p - 74. Determine r(-2).
3
Let g(j) = j + 21. Let l(y) = y**3 + 48*y**2 + 47*y - 15. Let v be l(-47). Calculate g(v).
6
Let t be (-1)/(-3) - (-176)/(-33). Let l(w) be the first derivative of w**4/4 + 4*w**3/3 - 7*w**2/2 - 4*w + 65. Give l(t).
6
Suppose -n + 1 - 5 = 0. Let s(x) = 116*x - 119*x + 3 - 4*x**2 + 3*x**2. Calculate s(n).
-1
Let p(u) be the first derivative of -u**3 + 9*u**2/2 - 8*u + 9. Let o(t) = t**2 - t + 1. Let w(x) = 4*o(x) + p(x). Let a = -5 - 1. Give w(a).
2
Let y = 107 + -112. Let a(f) = 2*f**2 - 5 + 2*f**2 - 5*f**2 - 8*f. Calculate a(y).
10
Let s(v) be the second derivative of v**6/180 + v**5/60 + v**4/12 - v**3/6 + 3*v**2 + v - 20. Let b(i) be the second derivative of s(i). Determine b(3).
26
Let r(b) = -7*b**2 + b + 1. Let k(p) = 11*p + 35. Let i = 126 + -129. Let l be k(i). What is